{"id":8,"date":"2024-01-06T18:18:39","date_gmt":"2024-01-06T18:18:39","guid":{"rendered":"https:\/\/sambhali-swiss.ch\/?page_id=8"},"modified":"2024-12-16T00:08:58","modified_gmt":"2024-12-16T00:08:58","slug":"fuer-ein-wuerdevolles-leben","status":"publish","type":"page","link":"https:\/\/sambhali-swiss.ch\/","title":{"rendered":"F\u00fcr ein w\u00fcrdevolles Leben"},"content":{"rendered":"\n<p><strong>SAMBHALI Swiss ist ein gemeinn\u00fctziger Verein&nbsp;in der Schweiz mit Sitz in Basel.<\/strong><\/p>\n\n\n\n<p>Der Verein hat zum Ziel\u00a0mittellosen und schutzbed\u00fcrftigen\u00a0Frauen und Kindern in Indien eine bessere Zukunft durch \u201eHilfe zur Selbsthilfe\u201c zu erm\u00f6glichen. In diversen Projekten im Bildungsbereich erhalten Frauen und M\u00e4dchen Schulbildung und Ausbildungsunterst\u00fctzung.<\/p>\n\n\n\n<p>Ziel ist es, den Selbstwert, das Gemeinschaftsgef\u00fchl und die Unabh\u00e4ngigkeit der Teilnehmer*innen zu f\u00f6rdern und zu st\u00e4rken.<\/p>\n\n\n\n<figure class=\"wp-block-image size-large\"><img loading=\"lazy\" decoding=\"async\" width=\"847\" height=\"1024\" src=\"https:\/\/sambhali-swiss.ch\/wp-content\/uploads\/2024\/01\/SiutanMarr-3H7A1881Setrawa-847x1024.jpg\" alt=\"\" class=\"wp-image-10\" srcset=\"https:\/\/sambhali-swiss.ch\/wp-content\/uploads\/2024\/01\/SiutanMarr-3H7A1881Setrawa-847x1024.jpg 847w, https:\/\/sambhali-swiss.ch\/wp-content\/uploads\/2024\/01\/SiutanMarr-3H7A1881Setrawa-248x300.jpg 248w, https:\/\/sambhali-swiss.ch\/wp-content\/uploads\/2024\/01\/SiutanMarr-3H7A1881Setrawa-768x929.jpg 768w, https:\/\/sambhali-swiss.ch\/wp-content\/uploads\/2024\/01\/SiutanMarr-3H7A1881Setrawa.jpg 1000w\" sizes=\"auto, (max-width: 847px) 100vw, 847px\" \/><\/figure>\n\n\n\n<p>Wir sind in enger Zusammenarbeit mit dem \u201eSambhali Trust\u201c&nbsp;<a href=\"https:\/\/www.sambhali.org\/\">https:\/\/www.sambhali.org\/<\/a>&nbsp;mit Sitz in Jodhpur, Rajasthan\/Nordindien verbunden.<\/p>\n\n\n\n<p>Danke f\u00fcr Ihre Hilfe und Unterst\u00fctzung.<\/p>\n\n\n\n<p><\/p>\n\n\n\n\n","protected":false},"excerpt":{"rendered":"<p>SAMBHALI Swiss ist ein gemeinn\u00fctziger Verein&nbsp;in der Schweiz mit Sitz in Basel. Der Verein hat zum Ziel\u00a0mittellosen und schutzbed\u00fcrftigen\u00a0Frauen und Kindern in Indien eine bessere Zukunft durch \u201eHilfe zur Selbsthilfe\u201c zu erm\u00f6glichen. In diversen Projekten im Bildungsbereich erhalten Frauen und M\u00e4dchen Schulbildung und Ausbildungsunterst\u00fctzung. Ziel ist es, den Selbstwert, das Gemeinschaftsgef\u00fchl und die Unabh\u00e4ngigkeit der&hellip; <a class=\"more-link\" href=\"https:\/\/sambhali-swiss.ch\/\"><span class=\"screen-reader-text\">F\u00fcr ein w\u00fcrdevolles Leben<\/span> weiterlesen<\/a><\/p>\n","protected":false},"author":2,"featured_media":0,"parent":0,"menu_order":0,"comment_status":"closed","ping_status":"closed","template":"","meta":{"footnotes":""},"class_list":["post-8","page","type-page","status-publish","hentry","entry"],"yoast_head":"<!-- This site is optimized with the Yoast SEO plugin v27.4 - https:\/\/yoast.com\/product\/yoast-seo-wordpress\/ -->\n<title>Sambhali Swiss - F\u00fcr ein w\u00fcrdevolles Leben<\/title>\n<meta name=\"robots\" content=\"index, follow, max-snippet:-1, max-image-preview:large, max-video-preview:-1\" \/>\n<link rel=\"canonical\" href=\"https:\/\/sambhali-swiss.ch\/\" \/>\n<meta property=\"og:locale\" content=\"de_DE\" \/>\n<meta property=\"og:type\" content=\"article\" \/>\n<meta property=\"og:title\" content=\"Sambhali Swiss - F\u00fcr ein w\u00fcrdevolles Leben\" \/>\n<meta property=\"og:description\" content=\"SAMBHALI Swiss ist ein gemeinn\u00fctziger Verein&nbsp;in der Schweiz mit Sitz in Basel. Der Verein hat zum Ziel\u00a0mittellosen und schutzbed\u00fcrftigen\u00a0Frauen und Kindern in Indien eine bessere Zukunft durch \u201eHilfe zur Selbsthilfe\u201c zu erm\u00f6glichen. In diversen Projekten im Bildungsbereich erhalten Frauen und M\u00e4dchen Schulbildung und Ausbildungsunterst\u00fctzung. Ziel ist es, den Selbstwert, das Gemeinschaftsgef\u00fchl und die Unabh\u00e4ngigkeit der&hellip; F\u00fcr ein w\u00fcrdevolles Leben weiterlesen\" \/>\n<meta property=\"og:url\" content=\"https:\/\/sambhali-swiss.ch\/\" \/>\n<meta property=\"og:site_name\" content=\"Sambhali Swiss\" \/>\n<meta property=\"article:modified_time\" content=\"2024-12-16T00:08:58+00:00\" \/>\n<meta property=\"og:image\" content=\"https:\/\/sambhali-swiss.ch\/wp-content\/uploads\/2024\/01\/SiutanMarr-3H7A1881Setrawa.jpg\" \/>\n\t<meta property=\"og:image:width\" content=\"1000\" \/>\n\t<meta property=\"og:image:height\" content=\"1209\" \/>\n\t<meta property=\"og:image:type\" content=\"image\/jpeg\" \/>\n<meta name=\"twitter:card\" content=\"summary_large_image\" \/>\n<meta name=\"twitter:label1\" content=\"Gesch\u00e4tzte Lesezeit\" \/>\n\t<meta name=\"twitter:data1\" content=\"1\u00a0Minute\" \/>\n<script type=\"application\/ld+json\" class=\"yoast-schema-graph\">{\"@context\":\"https:\\\/\\\/schema.org\",\"@graph\":[{\"@type\":\"WebPage\",\"@id\":\"https:\\\/\\\/sambhali-swiss.ch\\\/\",\"url\":\"https:\\\/\\\/sambhali-swiss.ch\\\/\",\"name\":\"Sambhali Swiss - F\u00fcr ein w\u00fcrdevolles Leben\",\"isPartOf\":{\"@id\":\"https:\\\/\\\/sambhali-swiss.ch\\\/#website\"},\"primaryImageOfPage\":{\"@id\":\"https:\\\/\\\/sambhali-swiss.ch\\\/#primaryimage\"},\"image\":{\"@id\":\"https:\\\/\\\/sambhali-swiss.ch\\\/#primaryimage\"},\"thumbnailUrl\":\"https:\\\/\\\/sambhali-swiss.ch\\\/wp-content\\\/uploads\\\/2024\\\/01\\\/SiutanMarr-3H7A1881Setrawa-847x1024.jpg\",\"datePublished\":\"2024-01-06T18:18:39+00:00\",\"dateModified\":\"2024-12-16T00:08:58+00:00\",\"breadcrumb\":{\"@id\":\"https:\\\/\\\/sambhali-swiss.ch\\\/#breadcrumb\"},\"inLanguage\":\"de\",\"potentialAction\":[{\"@type\":\"ReadAction\",\"target\":[\"https:\\\/\\\/sambhali-swiss.ch\\\/\"]}]},{\"@type\":\"ImageObject\",\"inLanguage\":\"de\",\"@id\":\"https:\\\/\\\/sambhali-swiss.ch\\\/#primaryimage\",\"url\":\"https:\\\/\\\/sambhali-swiss.ch\\\/wp-content\\\/uploads\\\/2024\\\/01\\\/SiutanMarr-3H7A1881Setrawa.jpg\",\"contentUrl\":\"https:\\\/\\\/sambhali-swiss.ch\\\/wp-content\\\/uploads\\\/2024\\\/01\\\/SiutanMarr-3H7A1881Setrawa.jpg\",\"width\":1000,\"height\":1209},{\"@type\":\"BreadcrumbList\",\"@id\":\"https:\\\/\\\/sambhali-swiss.ch\\\/#breadcrumb\",\"itemListElement\":[{\"@type\":\"ListItem\",\"position\":1,\"name\":\"Startseite\",\"item\":\"https:\\\/\\\/sambhali-swiss.ch\\\/\"},{\"@type\":\"ListItem\",\"position\":2,\"name\":\"F\u00fcr ein w\u00fcrdevolles Leben\"}]},{\"@type\":\"WebSite\",\"@id\":\"https:\\\/\\\/sambhali-swiss.ch\\\/#website\",\"url\":\"https:\\\/\\\/sambhali-swiss.ch\\\/\",\"name\":\"Sambhali Swiss\",\"description\":\"F\u00fcr ein w\u00fcrdevolles Leben\",\"publisher\":{\"@id\":\"https:\\\/\\\/sambhali-swiss.ch\\\/#organization\"},\"potentialAction\":[{\"@type\":\"SearchAction\",\"target\":{\"@type\":\"EntryPoint\",\"urlTemplate\":\"https:\\\/\\\/sambhali-swiss.ch\\\/?s={search_term_string}\"},\"query-input\":{\"@type\":\"PropertyValueSpecification\",\"valueRequired\":true,\"valueName\":\"search_term_string\"}}],\"inLanguage\":\"de\"},{\"@type\":\"Organization\",\"@id\":\"https:\\\/\\\/sambhali-swiss.ch\\\/#organization\",\"name\":\"Sambhali Swiss\",\"url\":\"https:\\\/\\\/sambhali-swiss.ch\\\/\",\"logo\":{\"@type\":\"ImageObject\",\"inLanguage\":\"de\",\"@id\":\"https:\\\/\\\/sambhali-swiss.ch\\\/#\\\/schema\\\/logo\\\/image\\\/\",\"url\":\"https:\\\/\\\/sambhali-swiss.ch\\\/wp-content\\\/uploads\\\/2024\\\/12\\\/cropped-cropped-android-chrome-512x512-1.png\",\"contentUrl\":\"https:\\\/\\\/sambhali-swiss.ch\\\/wp-content\\\/uploads\\\/2024\\\/12\\\/cropped-cropped-android-chrome-512x512-1.png\",\"width\":512,\"height\":512,\"caption\":\"Sambhali Swiss\"},\"image\":{\"@id\":\"https:\\\/\\\/sambhali-swiss.ch\\\/#\\\/schema\\\/logo\\\/image\\\/\"}}]}<\/script>\n<!-- \/ Yoast SEO plugin. -->","yoast_head_json":{"title":"Sambhali Swiss - F\u00fcr ein w\u00fcrdevolles Leben","robots":{"index":"index","follow":"follow","max-snippet":"max-snippet:-1","max-image-preview":"max-image-preview:large","max-video-preview":"max-video-preview:-1"},"canonical":"https:\/\/sambhali-swiss.ch\/","og_locale":"de_DE","og_type":"article","og_title":"Sambhali Swiss - F\u00fcr ein w\u00fcrdevolles Leben","og_description":"SAMBHALI Swiss ist ein gemeinn\u00fctziger Verein&nbsp;in der Schweiz mit Sitz in Basel. Der Verein hat zum Ziel\u00a0mittellosen und schutzbed\u00fcrftigen\u00a0Frauen und Kindern in Indien eine bessere Zukunft durch \u201eHilfe zur Selbsthilfe\u201c zu erm\u00f6glichen. In diversen Projekten im Bildungsbereich erhalten Frauen und M\u00e4dchen Schulbildung und Ausbildungsunterst\u00fctzung. Ziel ist es, den Selbstwert, das Gemeinschaftsgef\u00fchl und die Unabh\u00e4ngigkeit der&hellip; F\u00fcr ein w\u00fcrdevolles Leben weiterlesen","og_url":"https:\/\/sambhali-swiss.ch\/","og_site_name":"Sambhali Swiss","article_modified_time":"2024-12-16T00:08:58+00:00","og_image":[{"width":1000,"height":1209,"url":"https:\/\/sambhali-swiss.ch\/wp-content\/uploads\/2024\/01\/SiutanMarr-3H7A1881Setrawa.jpg","type":"image\/jpeg"}],"twitter_card":"summary_large_image","twitter_misc":{"Gesch\u00e4tzte Lesezeit":"1\u00a0Minute"},"schema":{"@context":"https:\/\/schema.org","@graph":[{"@type":"WebPage","@id":"https:\/\/sambhali-swiss.ch\/","url":"https:\/\/sambhali-swiss.ch\/","name":"Sambhali Swiss - F\u00fcr ein w\u00fcrdevolles Leben","isPartOf":{"@id":"https:\/\/sambhali-swiss.ch\/#website"},"primaryImageOfPage":{"@id":"https:\/\/sambhali-swiss.ch\/#primaryimage"},"image":{"@id":"https:\/\/sambhali-swiss.ch\/#primaryimage"},"thumbnailUrl":"https:\/\/sambhali-swiss.ch\/wp-content\/uploads\/2024\/01\/SiutanMarr-3H7A1881Setrawa-847x1024.jpg","datePublished":"2024-01-06T18:18:39+00:00","dateModified":"2024-12-16T00:08:58+00:00","breadcrumb":{"@id":"https:\/\/sambhali-swiss.ch\/#breadcrumb"},"inLanguage":"de","potentialAction":[{"@type":"ReadAction","target":["https:\/\/sambhali-swiss.ch\/"]}]},{"@type":"ImageObject","inLanguage":"de","@id":"https:\/\/sambhali-swiss.ch\/#primaryimage","url":"https:\/\/sambhali-swiss.ch\/wp-content\/uploads\/2024\/01\/SiutanMarr-3H7A1881Setrawa.jpg","contentUrl":"https:\/\/sambhali-swiss.ch\/wp-content\/uploads\/2024\/01\/SiutanMarr-3H7A1881Setrawa.jpg","width":1000,"height":1209},{"@type":"BreadcrumbList","@id":"https:\/\/sambhali-swiss.ch\/#breadcrumb","itemListElement":[{"@type":"ListItem","position":1,"name":"Startseite","item":"https:\/\/sambhali-swiss.ch\/"},{"@type":"ListItem","position":2,"name":"F\u00fcr ein w\u00fcrdevolles Leben"}]},{"@type":"WebSite","@id":"https:\/\/sambhali-swiss.ch\/#website","url":"https:\/\/sambhali-swiss.ch\/","name":"Sambhali Swiss","description":"F\u00fcr ein w\u00fcrdevolles Leben","publisher":{"@id":"https:\/\/sambhali-swiss.ch\/#organization"},"potentialAction":[{"@type":"SearchAction","target":{"@type":"EntryPoint","urlTemplate":"https:\/\/sambhali-swiss.ch\/?s={search_term_string}"},"query-input":{"@type":"PropertyValueSpecification","valueRequired":true,"valueName":"search_term_string"}}],"inLanguage":"de"},{"@type":"Organization","@id":"https:\/\/sambhali-swiss.ch\/#organization","name":"Sambhali Swiss","url":"https:\/\/sambhali-swiss.ch\/","logo":{"@type":"ImageObject","inLanguage":"de","@id":"https:\/\/sambhali-swiss.ch\/#\/schema\/logo\/image\/","url":"https:\/\/sambhali-swiss.ch\/wp-content\/uploads\/2024\/12\/cropped-cropped-android-chrome-512x512-1.png","contentUrl":"https:\/\/sambhali-swiss.ch\/wp-content\/uploads\/2024\/12\/cropped-cropped-android-chrome-512x512-1.png","width":512,"height":512,"caption":"Sambhali Swiss"},"image":{"@id":"https:\/\/sambhali-swiss.ch\/#\/schema\/logo\/image\/"}}]}},"_links":{"self":[{"href":"https:\/\/sambhali-swiss.ch\/index.php\/wp-json\/wp\/v2\/pages\/8","targetHints":{"allow":["GET"]}}],"collection":[{"href":"https:\/\/sambhali-swiss.ch\/index.php\/wp-json\/wp\/v2\/pages"}],"about":[{"href":"https:\/\/sambhali-swiss.ch\/index.php\/wp-json\/wp\/v2\/types\/page"}],"author":[{"embeddable":true,"href":"https:\/\/sambhali-swiss.ch\/index.php\/wp-json\/wp\/v2\/users\/2"}],"replies":[{"embeddable":true,"href":"https:\/\/sambhali-swiss.ch\/index.php\/wp-json\/wp\/v2\/comments?post=8"}],"version-history":[{"count":4,"href":"https:\/\/sambhali-swiss.ch\/index.php\/wp-json\/wp\/v2\/pages\/8\/revisions"}],"predecessor-version":[{"id":51,"href":"https:\/\/sambhali-swiss.ch\/index.php\/wp-json\/wp\/v2\/pages\/8\/revisions\/51"}],"wp:attachment":[{"href":"https:\/\/sambhali-swiss.ch\/index.php\/wp-json\/wp\/v2\/media?parent=8"}],"curies":[{"name":"wp","href":"https:\/\/api.w.org\/{rel}","templated":true}]}}